se 2*z - 4 - 11 = -q, -42 = -i*q + 2*z. Let r = q - 6. List the prime factors of r.
13
Let w(o) = 7*o**2 - 11*o - 107. List the prime factors of w(27).
37, 127
Let b = -65 - -53. Let u = 39 + b. What are the prime factors of u?
3
Let v be 40/140 - (1 - 1867/7). Suppose v + 139 = 3*n. What are the prime factors of n?
3, 5
Let s(n) = -4*n**2 + 3*n - 8. Let j(v) = -v**2 + 12*v + 4. Let w be j(12). Let t be s(w). Let a = 89 + t. What are the prime factors of a?
29
Let j(b) = b**3 + 9*b**2 + 8*b + 5. Let k be j(-10). Let a be -2 + -3 + 264 + -2. Let t = k + a. List the prime factors of t.
2, 41
Let w(g) = 842*g + 8. Let b be w(6). Let l = b - 2696. List the prime factors of l/42 + 2/(-7).
2, 7
Suppose -1824 = 8*g - 4872. What are the prime factors of g?
3, 127
Let c = -98 - -324. Let t = c + -56. List the prime factors of t.
2, 5, 17
Let w = -2326 - -2426. List the prime factors of w.
2, 5
Let k(u) = -331*u**3 + 2*u**2 - 1. Let o be k(-1). Suppose 52 + o = 4*n. What are the prime factors of n?
2, 3
Let n = 15 - 12. Suppose n*i - 52 = 92. List the prime factors of i.
2, 3
Suppose -13 = -4*m - 1. Suppose 4*j = 3*j - m*u - 120, 2*j + 4*u + 246 = 0. List the prime factors of (-1)/(-4) + j/(-12).
11
Let p be 36/(-10)*(-29 - 1). Let x = -161 + 165. Suppose -x*r = -2*r - p. What are the prime factors of r?
2, 3
Let x(b) = 15*b + 0 + 2*b**2 - 13*b - 15. Let z(c) = -c - 5. Let k be z(0). What are the prime factors of x(k)?
5
Let z(k) be the first derivative of -k**3/3 + 3*k**2 + 13*k - 4. Let w(h) = -h**3 + 4*h**2 + 4*h - 9. Let c be w(4). List the prime factors of z(c).
2, 3
Suppose 0 = -0*h - 5*h + f + 596, 3 = -3*f. Let i = h - 31. What are the prime factors of i?
2, 11
Suppose 573 - 96 = 3*y. Let n = -100 + y. List the prime factors of n.
59
Let c be 130/(-20)*10/(2 - 3). Suppose 4*w - 5*j + 100 = 0, 0*j - 4 = j. Let p = c + w. List the prime factors of p.
5, 7
Let p = 1023 - 148. What are the prime factors of p?
5, 7
Suppose 2*x - 5 = 3. Suppose 0 = -3*w - 0*w, 3*g - 21 = -2*w. Suppose 5*t - 107 = x*m, g*m - 3*m - 31 = -t. What are the prime factors of t?
23
Suppose 0*q - 25 = -5*q. Let l(c) = c**2 + 9*c - 7. Let w be l(-10). Suppose w*y = 1 + q. What are the prime factors of y?
2
Suppose 0 = c + c + 18. Let f(s) = s**2 + 24*s + 13. Let o(k) = 2*k. Let p(t) = -f(t) + 6*o(t). List the prime factors of p(c).
2, 7
Let q(n) = -2*n**2 - 17*n - 36. Let x be q(-9). Suppose 0 = 4*o + 4*b + 288, 45 + 28 = -o - 2*b. Let z = x - o. List the prime factors of z.
2, 13
Let c(d) = -d**2 + 32*d + 70. List the prime factors of c(32).
2, 5, 7
Let p(r) = 10*r**2 + 20 - 12*r - 13 - 22 - 4*r**2. What are the prime factors of p(7)?
3, 5, 13
Let t = -250 + 453. Suppose -4*r + 619 = t. List the prime factors of r.
2, 13
Let y = 172 - 244. What are the prime factors of -943*1/(-6) - y/(-432)?
157
What are the prime factors of (-4)/(-18) - (-135993)/27?
3, 23, 73
Let a = -9 - -6. Let u(n) = n**2 + n - 1. Let r be u(a). Suppose -4*p = 3*y - 14, -3 = 4*y + r. List the prime factors of p.
5
Let a = -10967 - -16329. List the prime factors of a.
2, 7, 383
Let h(z) = 3*z**3 - z**2 + 2*z + 1. Suppose 2 - 7 = 5*g. Let o be (g/2)/((-4)/16). List the prime factors of h(o).
5
Let l be ((-2)/(-4))/((-2)/(-40)). Let g be (l/(-15))/(4/18). What are the prime factors of 5/(30/(-14))*g?
7
Let r = -190 + 193. Let s(i) = 2*i**3 - 11*i**2 + 9*i + 13. Let m(g) = -g**3 + 6*g**2 - 5*g - 7. Let u(w) = 11*m(w) + 6*s(w). List the prime factors of u(r).
5
Suppose -128*f = -130*f + 8966. What are the prime factors of f?
4483
Suppose 21 = 3*p - 2*i - 436, -3*p + 5*i + 445 = 0. Suppose -3*r + 6*h - 3*h = -153, 3*r - p = 5*h. List the prime factors of r.
2, 5
Let i be 424 + (154/35 - 2/5). Suppose -45*l + i = -43*l. List the prime factors of l.
2, 107
Let r be 60/(-15) - (0 + 3). List the prime factors of 0/r + 1 + 99.
2, 5
Suppose -i - 2*g = -5*i - 26, 0 = 2*i + 2*g + 10. Let r = i - -8. Suppose -19 = -5*c - q, -r*c + 4*q - q = 6. What are the prime factors of c?
3
Let t(b) be the first derivative of -b**4/4 - 2*b**3 - 3*b**2/2 + 2*b + 8. Let m be t(-6). Suppose -3*k + 10 = -m. What are the prime factors of k?
2, 5
Suppose 2*b = -6 + 16. Suppose -2*y = b*l - 174, -4*l + 4 = 5*y - 125. Suppose 71 = 5*k - 4*q - 0*q, -2*q + l = 4*k. What are the prime factors of k?
11
Suppose -2*t - t + 102 = 0. Let d = 10 - t. Let w = d - -37. What are the prime factors of w?
13
Let k = -1200 + 1534. What are the prime factors of k?
2, 167
Let h = -69 - -99. Let l be 18/(-10)*h/(-9). Let x = l - 2. List the prime factors of x.
2
Suppose 3*a = -4*h - 31, -2*a - 22 = 3*h - h. Suppose -2*d - 44 = -5*i, 88 = -2*d - d + 2*i. Let t = a - d. What are the prime factors of t?
19
Let k(f) = 7*f**2. Let a be k(2). Let x = 33 - a. Suppose -x*q + 109 + 51 = 0. List the prime factors of q.
2
Suppose -c + 5 = -4*n, c - 10 = n - c. Suppose n = -d + 4 + 10. List the prime factors of d.
2, 7
Suppose 4*g - g - 12 = 0. List the prime factors of (-49)/((1 - g)/6).
2, 7
Suppose 3*d = 2*s + 5, -3*s - 14 = -2. Let x = d + 128. List the prime factors of x.
127
Suppose d = -4*p + 2261, 0 = 2*d + 5*p + 1227 - 5749. List the prime factors of d.
7, 17, 19
Let j(v) = -2*v - 2. Let d be j(-3). Suppose 62 = 2*b - 5*c, 17*c = -4*b + 21*c + 136. List the prime factors of (1278/b)/(2/d).
71
Let m(a) = -1. Let k(s) = -4*s + 23. Let j(l) = k(l) - 3*m(l). What are the prime factors of j(-8)?
2, 29
Suppose -4*j + 60 = -0*j. What are the prime factors of (-1)/(-1 - (-12)/j)?
5
Suppose -3*d + 13144 = 5*b - 14791, -5*d = 0. What are the prime factors of b?
37, 151
Let q(x) = x**2 - 14*x + 1. Suppose t - 15 = -0*t. What are the prime factors of q(t)?
2
What are the prime factors of 18 + 3 + (-2 - (4 + -1))?
2
Let y = -1157 + 1679. What are the prime factors of y?
2, 3, 29
Suppose -4*c + 22430 = 3*t, -3*c + t = -3*t - 16835. What are the prime factors of c?
71, 79
List the prime factors of (2512/10)/(2/5).
2, 157
Let i = 1574 + -637. List the prime factors of i.
937
Let n(g) = -2*g**3 - 23*g**2 + 8*g - 15. What are the prime factors of n(-13)?
2, 97
Suppose -o + 2*b + 0 = 8, 30 = -3*o + 4*b. Let s be (-1452)/o + 4/14. Suppose 4*y = -2*h + 96, 4*y + 4*h = -0*h + s. What are the prime factors of y?
2, 11
Let q(j) = 2*j**2 + 8*j - 2. Let m be q(-12). Suppose m = 5*p - 45. What are the prime factors of p?
47
Suppose -q = -129 + 122. List the prime factors of (-224 - (4 - q))/(-1).
13, 17
Let g(w) = w + 1. Let p be g(-1). Suppose z + 5*l + 15 = p, -5 = l - 1. Suppose 0 = 4*x - z*t + 2*t - 75, -5*x - t + 89 = 0. What are the prime factors of x?
2, 3
Suppose 80*c - 75*c - 760 = 0. List the prime factors of c.
2, 19
Suppose -2*s - 32 = 2*s. Let n be 2/s - (-2465)/20. Suppose 0 = 6*c - 51 - n. What are the prime factors of c?
29
Let o(a) = a**2 + 5*a + 2. What are the prime factors of o(11)?
2, 89
Suppose 2*x - 3*i = 0, i + 2*i = 3*x - 3. Let r be -6 - -8 - x*1. What are the prime factors of (r - (-10)/4)*2?
3
Suppose 4*n = q + 426, 19*n = 14*n + q + 533. List the prime factors of n.
107
Suppose 96*f - 107*f + 16302 = 0. What are the prime factors of f?
2, 3, 13, 19
Let q(g) = g**3 + 10*g**2 - 12*g - 6. Let b be q(-11). Suppose 0 = 3*o + 3*y - 270, 0 = -o - 3*y + 101 - b. What are the prime factors of o?
3, 29
Let w = -13 - -8. Let r = w + 10. Suppose 0 = r*i - 93 + 3. What are the prime factors of i?
2, 3
Suppose -55*r = -69*r + 41146. List the prime factors of r.
2939
Suppose -7*q = -1602 - 3424. List the prime factors of q.
2, 359
Suppose 4*u + 90 = 5*x, -u = x - 37 + 10. Suppose m + 39 = 4*m. Let c = x - m. What are the prime factors of c?
3
Suppose f - 6 - 3 = 5*x, 0 = -4*f - 5*x - 14. What are the prime factors of 35 + f*(-1 + 1)?
5, 7
Let o be (-1 + (-4)/(-8))*4. Let p be 11/9 - o/(-9). What are the prime factors of 11 - (-3 - -2 - p)?
13
Let k(j) = j**2 + 4*j. Suppose -5*f + 2*b = 23, -3*f - 3*b = -5*f - 7. Let y be k(f). Suppose y = -2*o + 9. What are the prime factors of o?
2
Suppose -5*b = y - 89, 0 = -4*y + 2*b + 432 - 10. Suppose -7*h - y = -11*h. What are the prime factors of h?
2, 13
Suppose 22*k - 1040 = -2*m + 23*k, 0 = 5*m + 3*k - 2600. List the prime factors of m.
2, 5, 13
What are the prime factors of 717/(-6 - 54/(-8))?
2, 239
Let x(b) = b**2 - 18*b +